= 774 - x. What is the hundreds digit of b?
2
Let h(w) = -496*w + 14. Let s be h(-3). Suppose 2*d = l + 1101, 3*d - s = 3*l + 154. What is the tens digit of d?
4
Let t = 15234 - 10637. What is the thousands digit of t?
4
Let l be 1/(-2) - (35/2)/(-7). Let h(y) = 6*y**3 + 0*y**3 - 5*y + 15 - 7*y**3 - l*y**2 - 15*y**2. What is the units digit of h(-17)?
0
Let q = 84193 + -50117. What is the hundreds digit of q?
0
Let j(b) = -56*b**2 + 11*b - 118. Let z be j(6). Let k = -1000 - z. What is the units digit of k?
8
Let q be 1 + -3 - (800/(-10) + -8). Suppose 6*j - j = 3*v + 153, 4*v - q = -3*j. What is the tens digit of j?
3
Suppose -41*f - 53593 = -43*f - 5*u, 0 = 2*f + 3*u - 53607. What is the units digit of f?
4
Suppose -4*w = 9*w - 39. Suppose 4*k = -p + 2570, 2*k - 1256 = w*p + 22. What is the hundreds digit of k?
6
Let j(k) = 1089*k + 616. What is the thousands digit of j(4)?
4
Suppose 449370 = 23*l + 2*l - 319005. What is the tens digit of l?
3
Suppose -5*m = -3*j - 5347 + 94223, -4*j + 3*m + 118472 = 0. What is the units digit of j?
2
Let s(l) = -23*l - 66. Let y = 113 + -113. Suppose y + 154 = -14*j. What is the units digit of s(j)?
7
Let i(o) = o**3 + 10*o**2 - o - 18. Let g(n) = -n**2 + 13*n - 9. Let w be g(13). Let p be i(w). Let r = p - 54. What is the tens digit of r?
1
Suppose 3*q - 66 = 6. Suppose 23*o - q*o = 0. Suppose o = 3*p - 4*p + 2*r + 272, -1342 = -5*p + 4*r. What is the tens digit of p?
6
Suppose 101*h + 42*h = -74953 + 1182631. What is the thousands digit of h?
7
Let g be (-12)/(-2) - (-58 - 6084). Suppose 1842 = 10*d - g. What is the units digit of d?
9
Let u = 1623 + -2562. What is the hundreds digit of 1 - 7/4 - u/4?
2
Let w(o) = 511*o**2 - 4*o - 96. What is the thousands digit of w(-5)?
2
Suppose 614*p - 574551 = 605*p. What is the hundreds digit of p?
8
Let j = -726 - -398. Let r = j - -654. What is the hundreds digit of ((-9)/2 + 5)/(1/r)?
1
What is the hundreds digit of 25751*(-6 - (1 + (-12)/6 - 6))?
7
Suppose 95892*v - 6928 = 95890*v. What is the hundreds digit of v?
4
Let m = 75 - -63. Let z be -4 + 32/8 + 229. Let b = z - m. What is the tens digit of b?
9
Let x(p) = 197*p + 1456. What is the thousands digit of x(18)?
5
Suppose -2*l - 132001 = -9*l + 202053. What is the thousands digit of l?
7
Let t(l) = 7*l**2 + 9*l - 52. Let q be t(12). Suppose 3*n = 4*p - q, -418 = 5*p + 3*n - 1775. What is the units digit of p?
9
Suppose 22*a - 30*a + 2328 = 0. Suppose -289*v - 1502 = -a*v. What is the hundreds digit of v?
7
Suppose 8*t - 5*t = 0, 2*f + 4*t = 354. Let o = 7 + -7. What is the units digit of (-1 - o) + (f - 1)?
5
Let k(t) = -39*t**3 + t**2 + 3*t + 3. Let y be k(-3). Suppose -y = -b - 5*b. Suppose -7*m - 4*m = -b. What is the tens digit of m?
1
Let t(w) = 2*w + 22. Let x be t(-11). Suppose x = 67*a - 64*a - 897. What is the tens digit of a?
9
Let w = -59 + 252. Suppose 6*q - 545 = w. Let y = q - 18. What is the hundreds digit of y?
1
Suppose -5*h + 1 = -9. Suppose 5*s - 26 = -2*t + 24, 10 = h*t. Let p = 186 - s. What is the hundreds digit of p?
1
Suppose 3*p - 5*z = -z - 4, 2*p - 3*z = -3. Suppose p = q - 5*x - 165, -2*q - 5*x = -0*q - 405. What is the units digit of q?
0
Let u = 35239 + -2701. What is the tens digit of u?
3
Let n(c) = -56*c**3 + 2*c**2 + 29*c + 44. What is the thousands digit of n(-5)?
6
What is the thousands digit of (-1)/(((-126)/(-9))/(-273658))?
9
What is the thousands digit of (-31)/(-2)*(63 + 195)?
3
Let v(r) = 61*r**3 - 45*r**2 + 41*r - 232. What is the units digit of v(7)?
3
Let x = 9501 - 5857. What is the thousands digit of x?
3
Suppose 9*w + 5*w - 42 = 0. Suppose 5*i - 1069 = -w*s, 13*i - 10*i = -5*s + 635. What is the units digit of i?
5
Let m = -43 - -45. Let c(y) = -2*y**2 + y - 1. Let i be c(1). What is the units digit of 5*(2 + i + 3 - m)?
5
Suppose -3*d + 13 = 2*z, 10 = -d + z + 11. Suppose -2*r - c = -7*r + 5347, d*r + 3*c = 3201. What is the units digit of r?
9
Suppose -5*o - 2*a = -1 + 21, 2*o - 6 = 2*a. Let d be (40/o)/(11 + -13). Suppose -d = -3*q - 2*q. What is the units digit of q?
2
What is the tens digit of (-22 - (-2944)/161)*-8078?
0
Let k = 1023 + 8466. What is the units digit of k?
9
What is the ten thousands digit of (42524/(-12))/(57/(-513))?
3
Suppose -60*c + 310498 = -122402. What is the tens digit of c?
1
Let w(y) = -2*y - 29. Let t(p) = -3*p - 30. Let d(a) = 6*t(a) - 5*w(a). Let c be d(-19). Let z = c - -30. What is the hundreds digit of z?
1
Let n be 9/6*-1*444/(-9). Suppose 2*g = -4*z + 4*g + n, g = -5*z + 96. Suppose -3*r + 314 + z = 0. What is the units digit of r?
1
Let j be 6/(-36) - (19465/(-30))/17. Suppose 48450 = j*f + 7790. What is the thousands digit of f?
1
Let z(g) = -560*g - 86. What is the tens digit of z(-3)?
9
What is the units digit of 32944/6 - (-30)/9?
4
Suppose 202 = 5*w - 263. Suppose 4*z - w = -29. Let l(t) = -t**3 + 17*t**2 - 16*t + 14. What is the units digit of l(z)?
4
Let k(m) = 70*m**2 - 6*m - 3. Let y be k(-1). Suppose g - 160 = 2*s, -2*s - 138 - 14 = -5*g. Let h = y - s. What is the hundreds digit of h?
1
Suppose 3*g = -3*y + 11343 + 31113, -3*y - 14152 = -g. Suppose -68654 + g = -34*a. What is the hundreds digit of a?
6
Let d = -16732 + 25400. What is the hundreds digit of d?
6
What is the thousands digit of 1 + -12 + 2286 - 20?
2
Let c(r) = -33*r + 138. Let s be c(-26). Suppose -5*l = b - 498, 6*b - 2*l = 4*b + s. What is the hundreds digit of b?
4
Let s be 152 - 2/4*2. Let k be 279 - (-7 + (1 - -8)). Let d = k - s. What is the units digit of d?
6
What is the tens digit of 106078/12 + 83/498?
4
Let n = -17 + 13. Let w be 2/((32/(-28))/n). Suppose w = 10*c - 733. What is the tens digit of c?
7
Suppose 0 = 13*k - 10*k - 24. What is the units digit of (1407/(-14))/((-4)/k)?
1
Let r(s) = -s**2 - 58*s - 57. Let w be ((-39)/(-5))/(72/40 - 2). What is the units digit of r(w)?
4
Let p = -17279 - -28696. What is the hundreds digit of p?
4
Suppose 7*b = 5*y + 5*b - 210, 2*b = 10. Let u = y + -39. Suppose -111 = -4*l - u*t, -2*l + 3*t + 78 = -5. What is the tens digit of l?
3
Suppose -18998 + 7611 = 4*s - 99723. What is the units digit of s?
4
Suppose -10*d + 10 = -5*d. Suppose -w - n - 8 = 15, 72 = -3*w - d*n. What is the units digit of w/((10/6)/(-5))?
8
Let n(k) = 11*k**2 + 33*k + 391. What is the tens digit of n(35)?
2
Let w = -12049 - -17062. What is the tens digit of w?
1
Let q = 301 + -619. Let j = -234 - q. What is the tens digit of j?
8
Let x(m) = -m**3 + 17*m**2 - 19*m + 52. Let r be x(16). What is the units digit of r + (1 - -409 - -2)?
6
Suppose 49 = 5*s + 29. Suppose -12 = -s*g, -2*g = -y - 32 - 29. Let k = -28 - y. What is the units digit of k?
7
Let o(m) = 2*m**2 - 3*m + 32. Let u(i) = 2*i**2 - 4*i + 31. Let z(y) = 4*o(y) - 3*u(y). Suppose -3*d - 5*d = 0. What is the units digit of z(d)?
5
Let n(t) = 7*t**2 + 3*t - 43. Let v be n(21). Suppose -20*g + v = -2893. What is the tens digit of g?
0
Suppose 117960 + 106035 = -3*x + 18*x. What is the thousands digit of x?
4
Let u(z) = 3*z**2 - 262*z - 201. What is the tens digit of u(-47)?
4
What is the ten thousands digit of 756/8316 - ((-211771)/11)/1?
1
Suppose -190*z + 4723502 = -33*z. What is the units digit of z?
6
Suppose 4*p = -2*h + 18, 3*p - 3 = -h + 8. What is the tens digit of 7 + -12 + h + 773?
7
Suppose 12*g - 10*g - 6296 = -4*y, 0 = -4*g + 5*y + 12553. What is the tens digit of g?
4
Let r be (32/6)/(5/(-45)). Let k = 42 + r. What is the units digit of ((-4)/(-4))/((-3)/k)?
2
Suppose 18 = 15*l - 6*l. Suppose 3*t + 1779 = 5*b, 4*b - 710 = 2*b + l*t. What is the tens digit of b?
5
Suppose 0 = 5*l - 15*g - 97560, -7*l + 5*l + 39024 = 2*g. What is the hundreds digit of l?
5
Suppose 2732 = -3*k - 2*g, -5*k - 3398 - 1150 = -2*g. Let x = 1721 + k. What is the hundreds digit of x?
8
Let j(f) = 34. Let h(c) be the first derivative of -c**2/2 + 33*c + 13. Let r(q) = 5*h(q) - 4*j(q). What is the hundreds digit of r(-19)?
1
Suppose -2*a + 3*q = -748, 3*q = 4*a + 2*q - 1516. Suppose -6*z + a = -8*z. Let p = -61 - z. What is the tens digit of p?
2
Let c(f) = 21 - f**2 + 30 + 26*f - 61. What is the hundreds digit of c(17)?
1
Let t be ((-3)/(-2))/(28340/(-28352) - -1). Suppose -9*m + t = 745. What is the units digit of m?
1
Suppose -4*x - 869 + 5680 = v, 4846 = v - 3*x. What is t